{"id":2522,"date":"2024-08-28T19:32:17","date_gmt":"2024-08-28T17:32:17","guid":{"rendered":"https:\/\/www.eliemittelmann.com\/?page_id=2522"},"modified":"2025-02-11T18:52:29","modified_gmt":"2025-02-11T17:52:29","slug":"bio","status":"publish","type":"page","link":"https:\/\/www.eliemittelmann.com\/index.php\/bio\/","title":{"rendered":"Bio"},"content":{"rendered":"\t\t<div data-elementor-type=\"wp-post\" data-elementor-id=\"2522\" class=\"elementor elementor-2522\">\n\t\t\t\t\t\t<div class=\"elementor-section elementor-top-section elementor-element elementor-element-2dc0880 elementor-section-boxed elementor-section-height-default elementor-section-height-default\" data-id=\"2dc0880\" data-element_type=\"section\" data-settings=\"{&quot;background_background&quot;:&quot;classic&quot;}\">\n\t\t\t\t\t\t<div class=\"elementor-container elementor-column-gap-custom\">\n\t\t\t\t\t<div class=\"elementor-column elementor-col-50 elementor-top-column elementor-element elementor-element-56138787\" data-id=\"56138787\" data-element_type=\"column\">\n\t\t\t<div class=\"elementor-widget-wrap elementor-element-populated\">\n\t\t\t\t\t\t<div class=\"elementor-element elementor-element-3077c71c animated-slow elementor-invisible elementor-widget elementor-widget-image\" data-id=\"3077c71c\" data-element_type=\"widget\" data-settings=\"{&quot;_animation&quot;:&quot;fadeInLeft&quot;}\" data-widget_type=\"image.default\">\n\t\t\t\t<div class=\"elementor-widget-container\">\n\t\t\t\t\t\t\t\t\t\t\t\t\t<img fetchpriority=\"high\" decoding=\"async\" width=\"683\" height=\"1024\" src=\"https:\/\/www.eliemittelmann.com\/wp-content\/uploads\/2024\/01\/DSF1717-683x1024.jpg\" class=\"attachment-large size-large wp-image-980\" alt=\"\" srcset=\"https:\/\/www.eliemittelmann.com\/wp-content\/uploads\/2024\/01\/DSF1717-683x1024.jpg 683w, https:\/\/www.eliemittelmann.com\/wp-content\/uploads\/2024\/01\/DSF1717-200x300.jpg 200w, https:\/\/www.eliemittelmann.com\/wp-content\/uploads\/2024\/01\/DSF1717-768x1152.jpg 768w, https:\/\/www.eliemittelmann.com\/wp-content\/uploads\/2024\/01\/DSF1717-1024x1536.jpg 1024w, https:\/\/www.eliemittelmann.com\/wp-content\/uploads\/2024\/01\/DSF1717-1366x2048.jpg 1366w, https:\/\/www.eliemittelmann.com\/wp-content\/uploads\/2024\/01\/DSF1717-scaled.jpg 1707w\" sizes=\"(max-width: 683px) 100vw, 683px\" \/>\t\t\t\t\t\t\t\t\t\t\t\t\t<\/div>\n\t\t\t\t<\/div>\n\t\t\t\t\t<\/div>\n\t\t<\/div>\n\t\t\t\t<div class=\"elementor-column elementor-col-50 elementor-top-column elementor-element elementor-element-65fd352f\" data-id=\"65fd352f\" data-element_type=\"column\">\n\t\t\t<div class=\"elementor-widget-wrap elementor-element-populated\">\n\t\t\t\t\t\t<div class=\"elementor-element elementor-element-6bfb414d animated-slow elementor-widget-divider--view-line elementor-invisible elementor-widget elementor-widget-divider\" data-id=\"6bfb414d\" data-element_type=\"widget\" data-settings=\"{&quot;_animation&quot;:&quot;fadeIn&quot;}\" data-widget_type=\"divider.default\">\n\t\t\t\t<div class=\"elementor-widget-container\">\n\t\t\t\t\t<div class=\"elementor-divider\">\n\t\t\t<span class=\"elementor-divider-separator\">\n\t\t\t\t\t\t<\/span>\n\t\t<\/div>\n\t\t\t\t<\/div>\n\t\t\t\t<\/div>\n\t\t\t\t<div class=\"elementor-element elementor-element-24753471 animated-slow the-title-left elementor-invisible elementor-widget elementor-widget-rekam-head-title\" data-id=\"24753471\" data-element_type=\"widget\" data-settings=\"{&quot;_animation&quot;:&quot;fadeIn&quot;}\" data-widget_type=\"rekam-head-title.default\">\n\t\t\t\t<div class=\"elementor-widget-container\">\n\t\t\t<div class=\"head-title head-title-2 text-left clearfix\">\r\n\t<div class=\"the-title\">\r\n\t\t\t\t\t<span class=\"subtitle\">SINCE 1973<\/span>\r\n\t\t\t\tSon, musique, image...\t<\/div>\r\n<\/div>\r\n\t\t\t\t<\/div>\n\t\t\t\t<\/div>\n\t\t\t\t<div class=\"elementor-element elementor-element-eb76f4d animated-slow elementor-invisible elementor-widget elementor-widget-rekam-text\" data-id=\"eb76f4d\" data-element_type=\"widget\" data-settings=\"{&quot;_animation&quot;:&quot;fadeIn&quot;}\" data-widget_type=\"rekam-text.default\">\n\t\t\t\t<div class=\"elementor-widget-container\">\n\t\t\t<div class=\"rekam-text clearfix\">\r\n<p>... j\u2019enregistre, monte, triture, fa\u00e7onne et mixe du son \u00e0 l'image avec passion depuis vingt-cinq ans sur des films d\u2019une grande vari\u00e9t\u00e9 de genres et de formats, qu'ils soient publicitaires, documentaires, corporates ou de fiction. D\u00e9clar\u00e9 comme exploitant de drones depuis 2023, je r\u00e9alise \u00e9galement des prises de vues a\u00e9rienne.<\/p><p>Bas\u00e9 \u00e0 Paris et en Normandie.<\/p><p>Permis B et v\u00e9hicul\u00e9.<\/p><p>Parle couramment anglais et espagnol.<\/p><\/div>\t\t<\/div>\n\t\t\t\t<\/div>\n\t\t\t\t\t<\/div>\n\t\t<\/div>\n\t\t\t\t\t<\/div>\n\t\t<\/div>\n\t\t\t\t<\/div>\n\t\t","protected":false},"excerpt":{"rendered":"","protected":false},"author":1,"featured_media":0,"parent":0,"menu_order":0,"comment_status":"closed","ping_status":"closed","template":"","meta":{"_monsterinsights_skip_tracking":false,"_monsterinsights_sitenote_active":false,"_monsterinsights_sitenote_note":"","_monsterinsights_sitenote_category":0,"footnotes":""},"class_list":["post-2522","page","type-page","status-publish","hentry"],"acf":[],"_links":{"self":[{"href":"https:\/\/www.eliemittelmann.com\/index.php\/wp-json\/wp\/v2\/pages\/2522","targetHints":{"allow":["GET"]}}],"collection":[{"href":"https:\/\/www.eliemittelmann.com\/index.php\/wp-json\/wp\/v2\/pages"}],"about":[{"href":"https:\/\/www.eliemittelmann.com\/index.php\/wp-json\/wp\/v2\/types\/page"}],"author":[{"embeddable":true,"href":"https:\/\/www.eliemittelmann.com\/index.php\/wp-json\/wp\/v2\/users\/1"}],"replies":[{"embeddable":true,"href":"https:\/\/www.eliemittelmann.com\/index.php\/wp-json\/wp\/v2\/comments?post=2522"}],"version-history":[{"count":49,"href":"https:\/\/www.eliemittelmann.com\/index.php\/wp-json\/wp\/v2\/pages\/2522\/revisions"}],"predecessor-version":[{"id":3853,"href":"https:\/\/www.eliemittelmann.com\/index.php\/wp-json\/wp\/v2\/pages\/2522\/revisions\/3853"}],"wp:attachment":[{"href":"https:\/\/www.eliemittelmann.com\/index.php\/wp-json\/wp\/v2\/media?parent=2522"}],"curies":[{"name":"wp","href":"https:\/\/api.w.org\/{rel}","templated":true}]}}